uppose 2*i + 9281 = 3*w, -493*w + 3101 = -492*w + 3*i. Is w composite?
True
Is (250842/(-4) - 3)*2*47/(-141) composite?
False
Suppose x - p = 4, 3*x + p - 9 = 3. Let n = 261 + -105. Suppose -r = -x*h - 349, 2*r + 2*h + n - 884 = 0. Is r a composite number?
True
Suppose 606350 + 1080683 = 4*s - c, 6*s = 3*c + 2530557. Is s a prime number?
False
Let g be -4 + (-390)/(-40) - (-2)/8. Let c(w) = 637*w + 151. Is c(g) prime?
False
Let c(b) = 5*b**3 - b**2 + 3*b + 1. Let k be c(3). Let p = 11420 + -11411. Suppose 13*s - k = p*s. Is s composite?
True
Let c(i) = -1 - 891*i + 891*i + 42*i**2 - 4. Is c(7) composite?
False
Suppose 0 = -28*h + 12613563 + 13501001. Is h a composite number?
False
Let t = -128 + 0. Let l = t + 224. Suppose -4*i - l + 464 = -3*f, 0 = 5*f + 20. Is i a prime number?
True
Is (-28*14/(-980))/((-3)/((-4267665)/2)) a prime number?
False
Suppose 0 = -3*d - 3, 3677 = 2*a + 2*a + 3*d. Suppose 5*z = 3*z + a. Let w = 45 + z. Is w a composite number?
True
Let g(a) = -7*a**3 + 6*a**3 - 5*a + 813 + 6*a. Let c be g(0). Let w = c - 536. Is w composite?
False
Let q be (-140502 - 0/3)/(-4 - -6). Is q/(-63) - 22/231 prime?
False
Suppose -2*x - 1725431 = -5*j + 3000450, 1890365 = 2*j + x. Is j composite?
False
Let z(f) = 32*f + 42*f**2 - 71 + 43*f - 87*f. Is z(10) prime?
False
Suppose -7*n = -28*n + 102039. Suppose 3904 = 3*t - n. Is t a composite number?
True
Let l = -193 + 193. Suppose 45*q - 40*q - 30395 = l. Is q composite?
False
Let x be -15 + 7 - (1 + -9). Suppose x = -3*t - c + 32285, 4*c - 6887 = 3*t - 39177. Is t composite?
True
Let c(z) = -6*z**3 - 2*z**2 + 2. Let k be c(-1). Is 1/(4/k*(-27)/(-52254)) prime?
True
Let g = -30 + 32. Let o be 1 + g - (-30625 - -13). Is (-4)/(-16) - o/(-20) prime?
True
Let a be 124*(-2 + (1 - -5 - 3)). Let b = a + -56. Suppose 0 = -b*u + 65*u + 2259. Is u prime?
False
Let g(m) = 9846*m + 120. Let w be g(5). Suppose -5*i + 5*h = -w, 2*i = -6*h + 2*h + 19746. Is i a prime number?
True
Let k = -756 - 103. Let p = k - -1266. Let s = -196 + p. Is s prime?
True
Suppose 0 = 43*z + 64*z - 3068011. Is z composite?
True
Let c = 82707 - -50155. Is c prime?
False
Let w(j) = -1277522*j**3 - 2*j**2 - 38*j - 37. Is w(-1) composite?
True
Suppose 14 = -2*q, s + q - 26156 - 15828 = 0. Is s prime?
False
Let i(b) = -729*b + 139. Is i(-60) a composite number?
True
Let q(o) = -o**2 + 5*o + 4. Let b be q(5). Let p be (b - 8 - -3)*1. Is 50422/17 + (p - 0) composite?
True
Let k(f) = 8519*f**2 - 3*f + 5. Let v(c) = 8520*c**2 - 3*c + 5. Let a(s) = 3*k(s) - 2*v(s). Is a(1) a composite number?
True
Suppose 5*y = 2*g + 857587, 2744269 = 16*y + 9*g - 6*g. Is y prime?
True
Let z(s) = -11*s**2 - 29*s + s**3 + 6*s**2 + 12 + 0*s**3 - 8. Let x be z(-14). Is x/(-3)*9/6 a prime number?
True
Let y(x) = -1363*x. Let d be y(-6). Suppose 6*f + 275 = 61*f. Suppose r - d = -f*r. Is r a composite number?
True
Let w(s) = 742*s**2 - 110*s + 985. Is w(9) prime?
False
Let l(v) be the first derivative of v**6/180 - 13*v**5/60 + 15*v**4/8 - 6*v**3 - 23. Let q(u) be the third derivative of l(u). Is q(21) prime?
False
Is (1 + -166696)*(14/3 + -2 + -3) a prime number?
False
Suppose -2 = 14*a - 2. Suppose -3*w + 3 = a, 5*q + 2*w - 619 = 843. Suppose -5*f + 702 = -2*i, 0 = -f - f - 2*i + q. Is f a composite number?
True
Suppose 3*c = -v - 4, 4*v - 4 = 2*c + 22. Let n(o) = 4*o**2 - 6. Let k be n(2). Is -3*(k/15 + c) a composite number?
False
Let t(z) = -35*z**2 - 18*z + 14. Let o(q) = 12*q**2 + 6*q - 5. Let s(y) = -8*o(y) - 3*t(y). Let k be s(4). Suppose -k = -16*n + 15*n. Is n a composite number?
True
Let z be -1*-1*9 + 2. Suppose f = -3*t + 267, -t + 2*t = f - 251. Suppose -f = -16*m + z*m. Is m composite?
True
Suppose -3*t = -3*o - 12, t + 3 = -3*o + 15. Suppose y - t*y = -1020. Suppose 13 = 7*g - y. Is g a composite number?
False
Let v = -4084 - -123717. Is v prime?
True
Let s = 2 - -2. Suppose -a = -3*h + 8, -h + 2*h - s = -a. Suppose 2*t + 1028 = -0*f + 4*f, -3*f = h*t - 789. Is f prime?
False
Let o be (473109/(-2) - -3)*14/(-21). Is (-6)/(-39) - o/(-13) a prime number?
False
Let x be 4*1/(-5)*-5 - -2641. Suppose -4*m = 3*a - x, 4*a = -m - 39 + 3583. Is a a prime number?
True
Suppose -2*x + 2*c = -10 - 10, 3*c - 5 = -4*x. Suppose -x*s - 4*s = -18. Suppose -s*w + 2*d + 2212 + 144 = 0, 0 = -2*w - d + 2353. Is w a composite number?
True
Let b = 40404 - 19507. Is b a composite number?
False
Let h = 40 + -37. Is ((-15592)/(-12)*h)/(-1 + 3) prime?
True
Let m = 19 - 16. Let d(n) = -1 - 2 - m*n**2 - n**3 + 4*n - n**3 + 5*n**3. Is d(4) composite?
False
Let g be ((-2)/3)/(4/(-18)). Let c be 1/4 + g/(-12). Suppose c = -2*t + 5*y + 1090, 3*t = 2*y - 6*y + 1589. Is t a prime number?
False
Is (-3)/9*4 + (-6662491)/(-219) a prime number?
False
Suppose 11*o = 7*o + 108. Suppose 0 = -o*r + 22*r + 5045. Suppose -752 = -t - 5*a, a - r = 3*t - 3217. Is t a prime number?
False
Let l(y) = -y**3 - 7*y**2 - 8*y - 7. Let v = 16 + -22. Let f be l(v). Suppose -n + 20478 = f*n. Is n composite?
False
Let x(i) = 4*i**2 + 47*i - 346. Is x(-29) a prime number?
False
Let v(c) = 15*c**3 - 4*c**2 - 57*c + 49. Is v(12) prime?
True
Let s(a) = -2*a**2 + 0*a - 399*a**3 - 2605*a**3 + 486*a**3 - 6 - a. Let x be s(-2). Suppose 21871 = 9*z - x. Is z a prime number?
False
Let n(s) = -s**2 + 7*s - 8. Let i be n(4). Suppose -2*c - 6 = i, -2*q - 2*c = -252. Is q a prime number?
True
Suppose -13 = 3*s - 76. Is 574/s*66/4 composite?
True
Let z(y) be the first derivative of 7*y**3/2 - 5*y**2/2 + 6*y - 23. Let r(v) be the first derivative of z(v). Is r(2) composite?
False
Let k(c) = -c**3 - 2. Let b(y) = 7063*y**3 - 4*y**2 - 5*y - 9. Let i(q) = -b(q) + 4*k(q). Is i(-1) composite?
True
Let s = -884237 + 1367416. Is s a prime number?
True
Let b(j) = -3*j**3 - 28*j**2 + 10*j + 18. Is b(-19) composite?
True
Suppose -22*u = -2084627 - 1979345. Let x = u - 96437. Is x a composite number?
False
Let j(g) = -5*g - 26. Let k be j(-6). Suppose -b = k*b. Suppose 2*l - 4465 = -3*l + 2*z, -l + 4*z + 875 = b. Is l a prime number?
False
Let q(k) = 26 - 5*k - 6*k - 10 - 12. Let c be q(-4). Is (-1 - (-1 - -1)) + c a composite number?
False
Suppose 0 = 335*h - 154753214 - 104596507 + 17870666. Is h composite?
True
Suppose -4*t + 16 - 124 = 0. Let u = t - -32. Suppose u*o = o + 1172. Is o prime?
True
Suppose 12 = -3*y - 4*a + 190, y + a = 60. Suppose 4*n - 7887 = 5*i, -3*i - 59 + y = 0. Is n prime?
True
Suppose 388732 - 11388 = 12*i - 99740. Is i a composite number?
True
Suppose -k + 4 = -1. Suppose 3*v = 4*r - 3914, 0 = -v - 0*v + k*r - 1290. Is -4 + (-13)/(-3) + v/(-3) prime?
False
Is (-48)/28 - 327852/(-196) a prime number?
False
Let c(i) = 3289*i + 96 + 28 - 382*i + 22 + 12. Is c(9) prime?
True
Let t(b) = -40*b**2 - 26*b + 1. Let m(f) = -120*f**2 - 77*f + 4. Let v(z) = -6*m(z) + 17*t(z). Suppose 620 - 690 = -7*c. Is v(c) a prime number?
False
Suppose 5*p + 6433 = -8*i + 4*i, -1621 = i - 3*p. Let z = -893 - i. Is z prime?
True
Let z(d) = 8*d - 323. Let b be z(41). Let r = 1 + 2. Suppose -b*a = r*s - 3954, -s + a = 4*a - 1318. Is s a prime number?
False
Suppose -3*u + 4*a = -1239479, 5*u = a - 738512 + 2804333. Is u a prime number?
False
Let q = 658064 + 524538. Is q composite?
True
Let i be (4 - 6)/(1/59). Let g = i + 1061. Is g a composite number?
True
Suppose -10*h + 1959 = -13*h. Let j = 175 + h. Let s = -267 - j. Is s a composite number?
False
Let p(q) = 189*q**3 - 43*q**2 + 15*q + 8. Is p(17) composite?
True
Let g = 13 + -16. Let a be (1 - g) + -2 - -30. Let p = -25 + a. Is p prime?
True
Let f be (280/154 - -2) + 2/11. Suppose 0 = -2*r - 2*z + 11032, r - 4*r + f*z + 16569 = 0. Is r prime?
True
Let s(b) = 6909*b**2 + 106*b - 753. Is s(8) a prime number?
True
Suppose 0 = -3*k + 2*p + 2012087, -8*k + 10*k + 8*p = 1341354. Is k a prime number?
True
Suppose 36*j - 444953 - 488131 = 0. Is j composite?
False
Is 4/8*(-260746)/(-17) composite?
False
Let g = -227 - -223. Let o(z) = -8*z**3 + 6*z**2 + 13*z + 1. Is o(g) composite?
False
Let p(x) = 82*x + 10. Suppose 5*k - 32 = 4*h + k, k + 16 = -2*h. Let j be p(h). Let f = j - -1127. Is f a prime number?
False
Let f be (-1)/((-6)/(-1431)*(-1)/2). Suppose -468*n = -f*n + 17307. Is n a composite number?
True
Let u = -107192 + 203791. Is u prime?
False
Is (6/(-90)*-5)/((-1)/(-296